What is the units digit of 48223973?
3
What is the units digit of 402125609?
9
What is the ten millions digit of 11688839?
1
What is the hundreds digit of 862661982?
9
What is the ten millions digit of 452916984?
5
What is the ten thousands digit of 6929946229?
4
What is the thousands digit of 81113368?
3
What is the hundred millions digit of 173159897?
1
What is the ten millions digit of 33006054?
3
What is the hundreds digit of 239511061?
0
What is the thousands digit of 97269705?
9
What is the units digit of 836490471?
1
What is the thousands digit of 1342564980?
4
What is the units digit of 225432388?
8
What is the millions digit of 356272046?
6
What is the ten millions digit of 37404335?
3
What is the ten thousands digit of 1228827?
2
What is the millions digit of 783455453?
3
What is the hundred thousands digit of 16627970?
6
What is the units digit of 4115155173?
3
What is the billions digit of 3570755706?
3
What is the hundreds digit of 6733205?
2
What is the units digit of 44699557?
7
What is the millions digit of 239941489?
9
What is the ten thousands digit of 617206670?
0
What is the hundred millions digit of 772882908?
7
What is the units digit of 493340152?
2
What is the tens digit of 4126040999?
9
What is the hundred thousands digit of 73222352?
2
What is the billions digit of 2261760990?
2
What is the hundred millions digit of 1712270476?
7
What is the millions digit of 16905752?
6
What is the millions digit of 785747103?
5
What is the tens digit of 2435447823?
2
What is the ten thousands digit of 353913126?
1
What is the hundred thousands digit of 21760712?
7
What is the hundreds digit of 9185367?
3
What is the ten thousands digit of 1736075854?
7
What is the millions digit of 73291745?
3
What is the hundreds digit of 699139098?
0
What is the ten thousands digit of 608640342?
4
What is the tens digit of 5265203?
0
What is the millions digit of 2760931?
2
What is the hundred thousands digit of 154808942?
8
What is the ten millions digit of 2565204061?
6
What is the hundred millions digit of 433715835?
4
What is the ten thousands digit of 37985834?
8
What is the ten thousands digit of 10600286?
0
What is the hundreds digit of 84336646?
6
What is the ten thousands digit of 561344103?
4
What is the hundreds digit of 3582373933?
9
What is the tens digit of 21201527?
2
What is the millions digit of 124022188?
4
What is the thousands digit of 49587649?
7
What is the thousands digit of 108027311?
7
What is the units digit of 286910410?
0
What is the tens digit of 329400?
0
What is the millions digit of 59246962?
9
What is the hundred millions digit of 291771848?
2
What is the hundred millions digit of 596100633?
5
What is the thousands digit of 54297119?
7
What is the ten thousands digit of 7816886?
1
What is the tens digit of 5991839?
3
What is the thousands digit of 15848290?
8
What is the hundreds digit of 18943257?
2
What is the hundred millions digit of 715446533?
7
What is the ten thousands digit of 278308007?
0
What is the hundred thousands digit of 27546024?
5
What is the millions digit of 1453229830?
3
What is the hundred thousands digit of 632205643?
2
What is the thousands digit of 171061990?
1
What is the units digit of 6260741?
1
What is the thousands digit of 79138708?
8
What is the thousands digit of 63000027?
0
What is the thousands digit of 101216613?
6
What is the thousands digit of 22912107?
2
What is the millions digit of 554598154?
4
What is the hundred thousands digit of 4909367646?
3
What is the hundreds digit of 6623186830?
8
What is the billions digit of 4764820824?
4
What is the millions digit of 2235215?
2
What is the tens digit of 54343518?
1
What is the ten thousands digit of 976230526?
3
What is the hundred millions digit of 1059063166?
0
What is the ten thousands digit of 1180467308?
6
What is the thousands digit of 228173020?
3
What is the millions digit of 26151733?
6
What is the ten millions digit of 12528785?
1
What is the billions digit of 1039970436?
1
What is the millions digit of 7402368?
7
What is the units digit of 19948203?
3
What is the millions digit of 61163576?
1
What is the billions digit of 3180076801?
3
What is the millions digit of 8466673?
8
What is the hundred millions digit of 3726561947?
7
What is the tens digit of 741769245?
4
What is the hundred thousands digit of 600713663?
7
What is the billions digit of 2122678591?
2
What is the hundred thousands digit of 237755310?
7
What is the hundred thousands digit of 5817554?
8
What is the thousands digit of 2884744239?
4
What is the thousands digit of 81460969?
0
What is the ten millions digit of 392368918?
9
What is the hundred thousands digit of 7244157625?
1
What is the units digit of 156711892?
2
What is the tens digit of 195133777?
7
What is the billions digit of 5622893471?
5
What is the ten thousands digit of 45661418?
6
What is the tens digit of 651069259?
5
What is the hundred millions digit of 1166592363?
1
What is the millions digit of 215163486?
5
What is the hundred thousands digit of 65456585?
4
What is the ten millions digit of 1026091986?
2
What is the ten millions digit of 59383863?
5
What is the hundred millions digit of 4807306520?
8
What is the billions digit of 3531583532?
3
What is the tens digit of 261769139?
3
What is the thousands digit of 12944784?
4
What is the thousands digit of 651047164?
7
What is the ten thousands digit of 389943194?
4
What is the ten thousands digit of 2197660041?
6
What is the hundred millions digit of 397858987?
3
What is the ten millions digit of 181008350?
8
What is the hundreds digit of 20873955?
9
What is the ten millions digit of 111092146?
1
What is the hundred thousands digit of 49295005?
2
What is the ten millions digit of 5028035313?
2
What is the hundred thousands digit of 4900414187?
4
What is the thousands digit of 29476316?
6
What is the hundred millions digit of 224120789?
2
What is the ten millions digit of 150937339?
5
What is the tens digit of 96330992?
9
What is the billions digit of 1165867667?
1
What is the ten thousands digit of 325136196?
3
What is the hundred millions digit of 1305816929?
3
What is the hundred thousands digit of 1792393809?
3
What is the hundreds digit of 534591?
5
What is the ten millions digit of 98124662?
9
What is the hundreds digit of 517173056?
0
What is the hundreds digit of 693563653?
6
What is the hundred thousands digit of 380395624?
3
What is the millions digit of 239359346?
9
What is the hundreds digit of 20732979?
9
What is the ten millions digit of 5506418050?
0
What is the units digit of 1062461529?
9
What is the hundreds digit of 579970936?
9
What is the thousands digit of 911023057?
3
What is the hundreds digit of 53363736?
7
What is the hundreds digit of 168413140?
1
What is the thousands digit of 30767955?
7
What is the millions digit of 235627423?
5
What is the ten thousands digit of 1719140322?
4
What is the ten thousands digit of 47015709?
1
What is the tens digit of 123015500?
0
What is the thousands digit of 301347119?
7
What is the millions digit of 56266499?
6
What is the ten millions digit of 4092588092?
9
What is the ten millions digit of 23872488?
2
What is the tens digit of 403469188?
8
What is the ten millions digit of 3605301534?
0
What is the thousands digit of 2803795057?
5
What is the tens digit of 65421421?
2
What is the units digit of 59309440?
0
What is the units digit of 54210715?
5
What is the hundred millions digit of 505450392?
5
What is the units digit of 400958356?
6
What is the hundreds digit of 434109921?
9
What is the tens digit of 1722874846?
4
What is the tens digit of 1295315729?
2
What is the thousands digit of 43736819?
6
What is the ten thousands digit of 448135457?
3
What is the hundred millions digit of 349239066?
3
What is the billions digit of 4147425807?
4
What is the billions digit of 4106904317?
4
What is the ten thousands digit of 72837696?
3
What is the ten thousands digit of 344289570?
8
What is the hundreds digit of 26788579?
5
What is the billions digit of 1376270738?
1
What is the hundreds digit of 813700736?
7
What is the hundreds digit of 42432277?
2
What is the ten thousands digit of 563964532?
6
What is the hundred millions digit of 1491278100?
4
What is the hundred millions